tors of 5478026?
2, 2739013
What are the prime factors of 13234770?
2, 3, 5, 307, 479
What are the prime factors of 1307460?
2, 3, 5, 7, 11, 283
What are the prime factors of 153648?
2, 3, 11, 97
What are the prime factors of 870065?
5, 7, 24859
What are the prime factors of 160681?
160681
What are the prime factors of 810022?
2, 405011
What are the prime factors of 1518207?
3, 23, 22003
List the prime factors of 645546.
2, 3, 11, 9781
What are the prime factors of 2672103?
3, 7, 19, 37, 181
What are the prime factors of 9672453?
3, 7, 2437
What are the prime factors of 961596?
2, 3, 26711
List the prime factors of 4905064.
2, 487, 1259
What are the prime factors of 8495232?
2, 3, 22123
What are the prime factors of 108145?
5, 43, 503
List the prime factors of 252622.
2, 126311
List the prime factors of 13539.
3, 4513
List the prime factors of 327660.
2, 3, 5, 43, 127
What are the prime factors of 18194508?
2, 3, 229, 2207
List the prime factors of 304800.
2, 3, 5, 127
List the prime factors of 7458007.
47, 107, 1483
List the prime factors of 97648.
2, 17, 359
List the prime factors of 7058784.
2, 3, 73529
List the prime factors of 442406.
2, 221203
What are the prime factors of 8174?
2, 61, 67
What are the prime factors of 315666?
2, 3, 13, 19, 71
What are the prime factors of 168644?
2, 7, 19, 317
What are the prime factors of 9130260?
2, 3, 5, 19, 8009
What are the prime factors of 250733?
7, 17, 43
What are the prime factors of 101387?
11, 13, 709
What are the prime factors of 1529742?
2, 3, 137, 1861
List the prime factors of 3154878.
2, 3, 53, 3307
List the prime factors of 340443.
3, 467
What are the prime factors of 688563?
3, 76507
What are the prime factors of 3560559?
3, 433, 2741
List the prime factors of 7046826.
2, 3, 29, 40499
What are the prime factors of 390121?
367, 1063
What are the prime factors of 8144555?
5, 443, 3677
List the prime factors of 182774.
2, 91387
List the prime factors of 695702.
2, 7, 31, 229
What are the prime factors of 3633440?
2, 5, 22709
List the prime factors of 579374.
2, 127, 2281
List the prime factors of 7292583.
3, 389, 2083
What are the prime factors of 292170?
2, 3, 5, 9739
List the prime factors of 10729886.
2, 5364943
List the prime factors of 6514451.
17, 23, 16661
What are the prime factors of 2537528?
2, 7, 113, 401
List the prime factors of 1920361.
1920361
What are the prime factors of 2472021?
3, 17, 107, 151
What are the prime factors of 837959?
23, 36433
List the prime factors of 310621.
107, 2903
List the prime factors of 73507.
7, 10501
List the prime factors of 22982723.
19, 1209617
List the prime factors of 3648996.
2, 3, 13, 23, 113
What are the prime factors of 151493?
197, 769
List the prime factors of 1178796.
2, 3, 23, 4271
List the prime factors of 1980631.
1980631
List the prime factors of 5105398.
2, 107, 23857
List the prime factors of 1474395.
3, 5, 13, 7561
What are the prime factors of 302908?
2, 41, 1847
List the prime factors of 1037119.
17, 61007
List the prime factors of 3627362.
2, 1813681
What are the prime factors of 1805805?
3, 5, 40129
List the prime factors of 154548.
2, 3, 53
List the prime factors of 9076.
2, 2269
List the prime factors of 239942.
2, 119971
List the prime factors of 1579060.
2, 5, 7, 11279
List the prime factors of 4779005.
5, 7, 11, 12413
List the prime factors of 280183.
280183
List the prime factors of 1184409.
3, 43867
List the prime factors of 1531372.
2, 382843
List the prime factors of 216343.
67, 3229
What are the prime factors of 1400613?
3, 17, 29, 947
What are the prime factors of 384502?
2, 192251
What are the prime factors of 2347636?
2, 586909
List the prime factors of 298226.
2, 149113
What are the prime factors of 432440?
2, 5, 19, 569
List the prime factors of 168578.
2, 31, 2719
List the prime factors of 2353525.
5, 47, 2003
List the prime factors of 2098540.
2, 5, 317, 331
List the prime factors of 2781134.
2, 31, 1447
List the prime factors of 2108656.
2, 11, 11981
What are the prime factors of 6786?
2, 3, 13, 29
List the prime factors of 82509.
3, 7, 3929
What are the prime factors of 148205?
5, 29641
List the prime factors of 15521213.
15521213
What are the prime factors of 48116?
2, 23, 523
List the prime factors of 447203.
19, 23537
What are the prime factors of 1283945?
5, 13, 19753
What are the prime factors of 363697?
367, 991
What are the prime factors of 500957?
500957
What are the prime factors of 13194?
2, 3, 733
List the prime factors of 279459.
3, 31051
List the prime factors of 12824150.
2, 5, 256483
List the prime factors of 463228.
2, 115807
What are the prime factors of 372946?
2, 7, 17, 1567
List the prime factors of 189354.
2, 3, 11, 19, 151
What are the prime factors of 2473421?
2473421
What are the prime factors of 12183341?
31, 107, 3673
What are the prime factors of 2522305?
5, 504461
List the prime factors of 261078.
2, 3, 53, 821
What are the prime factors of 216250?
2, 5, 173
List the prime factors of 1855496.
2, 41, 5657
List the prime factors of 19120192.
2, 7, 13, 67
What are the prime factors of 270713?
211, 1283
What are the prime factors of 2913756?
2, 3, 242813
List the prime factors of 242308.
2, 11, 5507
What are the prime factors of 22655735?
5, 227, 19961
What are the prime factors of 810487?
810487
List the prime factors of 11011978.
2, 5505989
List the prime factors of 526925.
5, 7, 3011
What are the prime factors of 8161175?
5, 11, 59, 503
List the prime factors of 201075.
3, 5, 7, 383
List the prime factors of 107289.
3, 7, 13, 131
What are the prime factors of 344587?
344587
What are the prime factors of 42867?
3, 11, 433
List the prime factors of 1057515.
3, 5, 70501
What are the prime factors of 3040516?
2, 760129
What are the prime factors of 1043430?
2, 3, 5, 34781
What are the prime factors of 14224286?
2, 463, 15361
What are the prime factors of 399953?
399953
List the prime factors of 1151554.
2, 575777
What are the prime factors of 3306398?
2, 17, 31, 3137
List the prime factors of 19070244.
2, 3, 37, 103, 139
List the prime factors of 694683.
3, 11, 2339
List the prime factors of 84930.
2, 3, 5, 19, 149
List the prime factors of 229272.
2, 3, 41, 233
What are the prime factors of 165656?
2, 20707
List the prime factors of 475346.
2, 237673
List the prime factors of 3352073.
3352073
List the prime factors of 2578492.
2, 7, 17, 5417
What are the prime factors of 4748105?
5, 949621
What are the prime factors of 572621?
7, 179, 457
What are the prime factors of 6156347?
163, 179, 211
What are the prime factors of 26633398?
2, 11, 1210609
What are the prime factors of 962371?
211, 4561
What are the prime factors of 28584?
2, 3, 397
What are the prime factors of 676334?
2, 338167
What are the prime factors of 201962?
2, 100981
What are the prime factors of 7143095?
5, 857, 1667
List the prime factors of 239836.
2, 17, 3527
List the prime factors of 51580.
2, 5, 2579
List the prime factors of 9465862.
2, 7, 71, 89, 107
What are the prime factors of 1080102?
2, 3, 31, 5807
List the prime factors of 2357662.
2, 17, 4079
List the prime factors of 476237.
476237
What are the prime factors of 16699292?
2, 4174823
List the prime factors of 4968299.
7, 23, 30859
List the prime factors of 227601.
3, 11, 19
What are the prime factors of 408228?
2, 3, 34019
What are the prime factors of 652603?
7, 93229
What are the prime factors of 9692557?
7, 37, 37423
List the prime factors of 52846.
2, 26423
What are the prime factors of 4350829?
7, 19, 32713
What are the prime factors of 3777001?
149, 25349
List the prime factors of 966692.
2, 383, 631
What are the prime factors of 756454?
2, 179, 2113
List the prime factors of 156225.
3, 5, 2083
What are the prime factors of 19982448?
2, 3, 193, 719
What are the prime factors of 2072467?
2072467
List the prime factors of 512515.
5, 102503
What are the prime factors of 189099?
3, 21011
List the prime factors of 82861.
41, 43, 47
List the prime factors of 217063.
7, 11, 2819
List the prime factors of 549666.
2, 3, 13, 29
List the prime factors of 23681818.
2, 547, 21647
What are the prime factors of 40095804?
2, 3, 7, 197, 2423
What are the prime factors of 304402?
2, 7, 17, 1279
List the prime factors of 119320.
2, 5, 19, 157
List the prime fac